o - 12. What is the highest common divisor of b and h?
2
Suppose a + 4*w = 144, -5*a + w = -0*w - 762. Suppose a = -44*y + 48*y. What is the greatest common factor of 38 and y?
38
Suppose -10 = -3*k - w, -2*k - 4 + 12 = 2*w. Suppose -2*d = k*d + 995. Let z = -135 - d. What is the highest common divisor of 8 and z?
8
Suppose s + 3*y + 2 = 0, s + 12 = 2*s - 4*y. Calculate the greatest common factor of 4 and s.
4
Let x be (-7)/(5/5) - 2. Let f be 2/x + (-61)/9. Let w be 0/f - (-3 - 3). What is the greatest common divisor of 4 and w?
2
Suppose -8*v + 110 = -6*v. Let m = -101 - -123. Calculate the greatest common divisor of v and m.
11
Let d(j) = 59*j**2 + 3*j - 1. Let p be d(1). Suppose p*f - 20 = 56*f. What is the greatest common factor of f and 10?
2
Let k be (-352)/(-7) + 2/(-7). Let d be (96/60)/(5 + (-492)/100). Calculate the highest common divisor of d and k.
10
Suppose -1465 = -6*h + 1685. Calculate the greatest common factor of 35 and h.
35
Suppose 0 = k - 4*k + 9, -3*r - 9 = -4*k. Let j be r/(0 - 1 - -2). Calculate the highest common divisor of 5 and j.
1
Suppose 4*a + 80 - 304 = 0. Suppose -3*x - 3*o + 28 = -26, 0 = -2*x + 3*o + a. What is the highest common divisor of 11 and x?
11
Suppose 11*v - 20 = 9*v. Suppose 0 = -2*h - 5*z + 110, 2*h - 42 = h + 4*z. Calculate the highest common factor of v and h.
10
Let a = 80 + -73. Let b(p) = 2*p**2 + 13*p + 4. Let j be b(-9). What is the highest common divisor of a and j?
7
Suppose 2*x - 6*x + 28 = 0. Suppose 0 = -37*z + 4594 - 4557. What is the highest common factor of x and z?
1
Let y(l) = -l**2 + 10*l + 23. Let s be y(15). Let o = s + 86. Calculate the greatest common divisor of o and 85.
17
Let x be (-534)/(-33) + (-6)/33. Let w = 2 + x. Let j be w/(-6)*10/(-6). Calculate the greatest common divisor of j and 1.
1
Let i(o) = -13*o - 177. Let j be i(-27). Calculate the greatest common divisor of j and 609.
87
Suppose -3 = -3*o + 9. Suppose -o*v + v + 6 = 0. Let a be ((-6)/15)/(3/(-120)). Calculate the greatest common divisor of a and v.
2
Let v be (131 - 12)*(-4)/(-14). Calculate the highest common factor of v and 272.
34
Suppose -3*u + 149 = -2*f + 548, 4*f = 2*u + 786. Calculate the highest common divisor of 15 and f.
15
Suppose -12*m + 13*m - 30 = 0. Suppose s + s = m. Calculate the greatest common factor of s and 45.
15
Suppose -66*k = -65*k - 61. Calculate the greatest common factor of 488 and k.
61
Let n be (-1 - 2) + 5/1. Suppose 4*s + n*j - 174 = 4*j, -s = -5*j - 39. Calculate the greatest common divisor of 4 and s.
4
Suppose -13*i + 146 = -166. Calculate the highest common divisor of 18 and i.
6
Let c be -5*8/30*-105. What is the greatest common divisor of c and 49?
7
Suppose 0 = d + 4*m - 18, 4*d = 5*m - 5 - 7. Suppose d*c = 5*n - 130, -2*c - 114 = -4*n - 8. Calculate the highest common factor of 60 and n.
12
Let y(k) = k**3 - 16*k**2 + 14*k - 9. Let f be y(15). Let s = 34 + f. Let p be 3 + -3 + (-1 - -21). What is the greatest common divisor of s and p?
10
Let g = -78 + -96. Let z be 2/(-2)*(g - -20). Calculate the highest common factor of z and 14.
14
Let v(j) = j**3 - 2*j + 8. Let z be v(0). Suppose -4*n + 0 = 4. Let l be n/2 - (-136)/16. Calculate the highest common divisor of z and l.
8
Suppose 12*z = 7435 + 929. Calculate the greatest common divisor of z and 17.
17
Let w be (-1)/3 - (-26)/6. Suppose -5*m = -w*n - 125, m - 37 - 4 = 4*n. Let u(f) = 2*f - 15. Let t be u(9). Calculate the highest common factor of t and m.
3
Let y(m) = -m**2 - 29*m - 77. Let p be y(-25). Let w = -1 - -2. Suppose w = -3*k + 70. Calculate the highest common factor of k and p.
23
Let k = 96 + -62. What is the highest common factor of k and 34?
34
Let b(a) = -4*a + 108. Let q be b(6). Calculate the greatest common divisor of q and 147.
21
Let t(z) = -z**3 + 11*z**2 - 22*z + 16. Let d be t(8). Calculate the highest common divisor of 72 and d.
8
Suppose 4*v - 3*u = -v + 17, v = 4*u. Let s be 1 - (v + -3) - 5. Let a be (1 + -23)*(s + 3). Calculate the greatest common divisor of a and 4.
4
Let n be -50*(-4 + 8)/4. Let v = n - -127. Suppose -3*o - 2*j + v = 8, o + 3*j = 30. What is the highest common divisor of 189 and o?
21
Let s be (1/3)/(14/42). Let h be 4 - (-6)/(-3) - s. Let r be (-1)/h + (-12)/(-2). Calculate the highest common divisor of r and 35.
5
Let o = 1222 + -1212. Suppose -73 - 85 = -3*w - 2*i, 4 = i. Calculate the highest common factor of w and o.
10
Suppose 4*j = 20*j - 384. Calculate the highest common factor of j and 456.
24
Let f(d) = 44*d - 4 - 81*d + 40*d. Let a be f(12). Calculate the highest common factor of 16 and a.
16
Let h = -28 - -88. Let b = -1133 - -1145. What is the highest common factor of b and h?
12
Let j = -78 - -106. What is the highest common divisor of 7 and j?
7
Let m(d) = d**2 + 25*d - 1162. Let j be m(24). Let z = 100 + -58. What is the highest common divisor of z and j?
14
Let n be (-60)/10 - 90/(-4 - -1). Calculate the greatest common factor of 96 and n.
24
Suppose 5*o - 5 = 0, -g + 3*o + 23 = -0*g. What is the greatest common factor of g and 2054?
26
Let c be -5 - 4794/(-54) - (-4)/18. What is the highest common divisor of c and 12?
12
Let q(h) = 23*h - 91. Let s be q(20). What is the highest common divisor of s and 82?
41
Suppose 0 = -44*i + 48*i + 4*l - 148, 4*l + 146 = 3*i. What is the highest common divisor of i and 224?
14
Suppose -5*m - 168 = -6*m. Let k be (12/(-8) - -1)*m. Let q be 3*(-7)/(k/440). Calculate the highest common divisor of 11 and q.
11
Let a(u) = u + 17. Suppose -2*s + 4*s + 10 = 0. Let c be a(s). What is the highest common divisor of c and 36?
12
Let i(b) = -b**3 - 10*b**2 + 10*b - 10. Let f be i(-11). Calculate the greatest common divisor of 18 and f.
1
Suppose h = 1, -7*h + 4*h = 5*m - 23. Let l be -7*((-10)/(-35) + -2). What is the highest common divisor of l and m?
4
Suppose -4*h + 4*f = 9*f - 53, -5*f + 5 = 0. Suppose -c + 3*d = h - 32, -5*c + 5*d = -60. Let b = c - 7. What is the highest common divisor of b and 2?
1
Let r = -73 + 130. Suppose 2*k - r - 63 = 0. Suppose -5*l + 5*w + k = 0, 3 + 21 = 2*l - w. What is the greatest common divisor of 4 and l?
4
Suppose 0 = 4*m - 1142 - 98. Let h = m - 156. What is the highest common factor of 14 and h?
14
Let t = -444 + 723. Let p(i) = -3*i**3 - 6*i**2 - 3*i - 9. Let l be p(-6). Let m = l - t. Calculate the highest common factor of m and 27.
27
Suppose 4594 = 40*a - 1526. Let g be (-156)/91*238/(-4). Calculate the greatest common divisor of a and g.
51
Suppose j + 2*j = 4*m + 12, -3*m + 9 = 0. Suppose 0 = -0*t + t - u - 10, -2*t = u - j. Calculate the highest common divisor of 18 and t.
6
Let f(t) = 3*t - 9. Let g be f(9). Suppose 4*o = g + 14. Calculate the highest common factor of 32 and o.
8
Suppose -15*t = -14*t - 156. Let j = -45 + t. Calculate the highest common factor of 74 and j.
37
Let a = 41 + -33. Let m(l) = l**3 - 10*l**2 + 22*l + 8. Let q be m(a). What is the highest common divisor of 28 and q?
28
Suppose 0 = -4*i - 0*i - 5*j, 5*i = 5*j. Suppose -4*m - h + 382 = -m, i = m - 2*h - 118. What is the greatest common factor of 14 and m?
14
Let x be (2/3)/(3/18). Suppose x*b - 26 = 58. Suppose -2*u - 43 = -5*s, -3*s + 2*u + 37 = -2*u. Calculate the greatest common divisor of s and b.
7
Suppose 10*g - d + 77 = 11*g, 4*g - 5*d - 317 = 0. Suppose 2*o = 71 - 19. What is the highest common factor of o and g?
26
Let j(a) = 2*a - 2. Let t be j(5). Let u(m) = -m + 10. Let d be u(12). Let y be 1/d*-3*(-864)/(-162). Calculate the highest common divisor of y and t.
8
Let v(y) = -863*y + 464. Let h be v(-3). Calculate the highest common divisor of h and 71.
71
Let l be (-1 - 8/(-3))/((-2395)/(-17244)). Let c = -14 + 26. What is the highest common divisor of l and c?
12
Let q(u) = -5*u + 2. Let k be q(6). Let n be (3 - 3) + 1 - k. Let g(f) = -11*f - 4. Let m be g(-3). What is the highest common factor of n and m?
29
Suppose k - 12 = -2*k. Let g = -105 - -105. Suppose 142 = 4*n + b, -n - 6*b + 2*b + 28 = g. Calculate the greatest common factor of n and k.
4
Let z = 86 - 13. Let f = 107 - 56. Let q = z - f. What is the greatest common factor of q and 55?
11
Suppose 4*o = 379 - 91. Let q = -29 + 78. Suppose 5*a - 5*t - 65 = 0, -5*a + q = -0*a - t. Calculate the highest common divisor of o and a.
9